{"id":1428,"date":"2014-07-31T08:51:22","date_gmt":"2014-07-31T06:51:22","guid":{"rendered":"http:\/\/ecsevilla.org\/deportes\/?page_id=1428"},"modified":"2014-07-31T08:52:11","modified_gmt":"2014-07-31T06:52:11","slug":"movil","status":"publish","type":"page","link":"https:\/\/ecsevilla.org\/deportes\/movil\/","title":{"rendered":"Movil"},"content":{"rendered":"<p style=\"text-align: justify;\">Bienvenido a la versi\u00f3n m\u00f3vil de la Web de Deportes de Escuelas Cat\u00f3licas de Sevilla.<\/p>\n<p style=\"text-align: justify;\">Usa el men\u00fa superior para navegar a trav\u00e9s de la p\u00e1gina y estar al tanto de todas nuestras novedades.<\/p>\n<p style=\"text-align: justify;\">All\u00ed tambi\u00e9n encontrar\u00e1s tu \u00e1rea registrada si ya est\u00e1s dado el alta en nuestra Web.<\/p>\n<p style=\"text-align: justify;\">\n","protected":false},"excerpt":{"rendered":"<p>Bienvenido a la versi\u00f3n m\u00f3vil de la Web de Deportes de Escuelas Cat\u00f3licas de Sevilla. Usa el men\u00fa superior para navegar a trav\u00e9s de la p\u00e1gina y estar al tanto&hellip; <\/p>\n","protected":false},"author":214,"featured_media":0,"parent":0,"menu_order":0,"comment_status":"closed","ping_status":"closed","template":"","meta":{"footnotes":""},"class_list":["post-1428","page","type-page","status-publish","hentry"],"_links":{"self":[{"href":"https:\/\/ecsevilla.org\/deportes\/wp-json\/wp\/v2\/pages\/1428","targetHints":{"allow":["GET"]}}],"collection":[{"href":"https:\/\/ecsevilla.org\/deportes\/wp-json\/wp\/v2\/pages"}],"about":[{"href":"https:\/\/ecsevilla.org\/deportes\/wp-json\/wp\/v2\/types\/page"}],"author":[{"embeddable":true,"href":"https:\/\/ecsevilla.org\/deportes\/wp-json\/wp\/v2\/users\/214"}],"replies":[{"embeddable":true,"href":"https:\/\/ecsevilla.org\/deportes\/wp-json\/wp\/v2\/comments?post=1428"}],"version-history":[{"count":2,"href":"https:\/\/ecsevilla.org\/deportes\/wp-json\/wp\/v2\/pages\/1428\/revisions"}],"predecessor-version":[{"id":1430,"href":"https:\/\/ecsevilla.org\/deportes\/wp-json\/wp\/v2\/pages\/1428\/revisions\/1430"}],"wp:attachment":[{"href":"https:\/\/ecsevilla.org\/deportes\/wp-json\/wp\/v2\/media?parent=1428"}],"curies":[{"name":"wp","href":"https:\/\/api.w.org\/{rel}","templated":true}]}}